
In base 12, what is -12b - -1075?
b46
In base 6, what is -3521 + -131450?
-135411
In base 14, what is -29b32a1a - 0?
-29b32a1a
In base 6, what is -523 + 2450524?
2450001
In base 16, what is -fab75b + 3?
-fab758
In base 8, what is 17615132 - 51?
17615061
In base 9, what is -15 - 833612?
-833627
In base 12, what is -a443 - -73b?
-9904
In base 7, what is 13513 + 102425?
116241
In base 8, what is -254634612 - -5?
-254634605
In base 14, what is -789db3 + -13?
-789dc6
In base 16, what is 0 + -11eaece?
-11eaece
In base 15, what is -821 - 1ec58?
-20579
In base 10, what is 3 + 2260108?
2260111
In base 12, what is -4 + 4a75843?
4a7583b
In base 9, what is -36286 + 2110?
-34176
In base 14, what is 2 - 1b56012?
-1b56010
In base 6, what is -11005150 + 5?
-11005141
In base 3, what is -10020100 + 10002001?
-11022
In base 7, what is 11564 + -1313360?
-1301463
In base 16, what is 19 + -afcb3?
-afc9a
In base 16, what is -1a3cf - -20e?
-1a1c1
In base 10, what is 3069820 - 59?
3069761
In base 6, what is 45310541 - -30?
45311011
In base 13, what is 1767 - -1287?
2a21
In base 11, what is -83923 - -51?
-83882
In base 7, what is 1054554 + -22?
1054532
In base 8, what is 1324214 - 15?
1324177
In base 11, what is -134a + 53a3?
4054
In base 6, what is -4 + 2223011000?
2223010552
In base 9, what is 1284 - 3714?
-2420
In base 16, what is 0 - -1f668b?
1f668b
In base 15, what is -7c - -783db?
7835e
In base 16, what is 0 - 148549c?
-148549c
In base 9, what is -26 + 30246043?
30246016
In base 4, what is 30012131212 - 10?
30012131202
In base 16, what is 4 - 1f1170?
-1f116c
In base 9, what is -1 + -228688820?
-228688821
In base 13, what is -ca006 + -aa?
-ca0b3
In base 9, what is -578218 + -12?
-578231
In base 11, what is 4125352 + -19?
4125334
In base 10, what is -30 + 1410907?
1410877
In base 13, what is 28727 + -126?
28601
In base 5, what is 211 + -2103214?
-2103003
In base 6, what is 150 - -3055415?
3100005
In base 14, what is -16 + -17d339?
-17d351
In base 10, what is -686228158 + 5?
-686228153
In base 2, what is -1010100111101011 + -10111101?
-1010101010101000
In base 4, what is -11 - -22112233211?
22112233200
In base 15, what is 283ad4 + 2?
283ad6
In base 7, what is 163 - 3124634?
-3124441
In base 4, what is 21200 - 10312122?
-10230322
In base 15, what is -3e117 - 4e?
-3e166
In base 11, what is 14 + -509a765?
-509a751
In base 5, what is 34002430 - 4?
34002421
In base 4, what is -1022 + -12300232113?
-12300233201
In base 9, what is 24 + 655142?
655166
In base 12, what is -3 - -24a9335?
24a9332
In base 8, what is -16 - 6710633?
-6710651
In base 12, what is 1309893a9 - 2?
1309893a7
In base 3, what is 1110000211 + -2022?
1102221112
In base 15, what is -18d63c + c?
-18d630
In base 9, what is -1 + -8651202?
-8651203
In base 4, what is 11031322 - 11012?
11020310
In base 8, what is -447134 - -1147?
-445765
In base 13, what is 904106 + 1?
904107
In base 13, what is -123 + -7495a?
-74a80
In base 6, what is 25341235 + 10?
25341245
In base 7, what is 10506 + -5035?
2441
In base 7, what is 133 + -443052?
-442616
In base 15, what is 28ecd8 - 1?
28ecd7
In base 11, what is 4727 + 181a0?
21917
In base 9, what is -14 + 132202360?
132202345
In base 7, what is -32306434 - 0?
-32306434
In base 6, what is -31101011 - -11?
-31101000
In base 9, what is 26622056 - 4?
26622052
In base 4, what is 100 + 10322032302?
10322033002
In base 13, what is -635 - a00a?
-a642
In base 9, what is -12835216 + -73?
-12835300
In base 12, what is -48a8 - -47a8?
-100
In base 16, what is 5 - -d6da77b?
d6da780
In base 12, what is 244551 - 77?
244496
In base 15, what is 162042 - -4?
162046
In base 12, what is 12782431 + 2?
12782433
In base 9, what is -64818 + -1241?
-66160
In base 12, what is 1 - 1347228?
-1347227
In base 16, what is 3 + -7560b?
-75608
In base 11, what is 9a + 7903?
79a2
In base 16, what is 8436cb + 2?
8436cd
In base 12, what is -2 - 122a678?
-122a67a
In base 2, what is -1000111 - -110001110100001?
110001101011010
In base 7, what is 220033 + -1050?
215653
In base 5, what is -413023043 + 101?
-413022442
In base 15, what is -17a5 - 2142?
-38e7
In base 10, what is -47 + 776712?
776665
In base 3, what is -20 - -12211201212020?
12211201212000
In base 11, what is 11 + -12418048?
-12418037
In base 3, what is -112020212 + 10112111?
-101201101
In base 6, what is 244312 - -543?
245255
In base 7, what is -530030 + 3153?
-523544
In base 2, what is 11010110001001101010 + 10?
11010110001001101100
In base 14, what is 55d - -1664d?
16bac
In base 12, what is -33 - 8479?
-84b0
In base 11, what is -9184555 + 0?
-9184555
In base 2, what is -101111110011 + 111011111011?
1100001000
In base 11, what is 69551 + 34?
69585
In base 7, what is 0 + -346640306?
-346640306
In base 8, what is 30237603 - 17?
30237564
In base 3, what is -1120200 - 1010202221110?
-1010211112010
In base 6, what is 103221 + -1222123?
-1114502
In base 12, what is -297 - -31a247?
319b70
In base 12, what is 6b0ba + -11?
6b0a9
In base 13, what is -5 - -8c195a3?
8c1959b
In base 11, what is 55 - 1089764?
-108970a
In base 14, what is 0 - -81bb79?
81bb79
In base 7, what is 233361555 - -4?
233361562
In base 4, what is 213330 - 10?
213320
In base 15, what is -14a47 + 6?
-14a41
In base 4, what is -212 - -1203?
331
In base 6, what is 13552210 - -5?
13552215
In base 3, what is 1 - 10201220010112?
-10201220010111
In base 12, what is a17 - -26a?
1085
In base 10, what is -9174249 - -46?
-9174203
In base 14, what is -12 - 43579?
-4358b
In base 2, what is 1001101100010100101001000 + -101000?
1001101100010100100100000
In base 11, what is -4927a078 + 8?
-4927a070
In base 16, what is -69c3cb - -3?
-69c3c8
In base 8, what is -3 + 2341231?
2341226
In base 14, what is -b5b - 1046?
-1ba3
In base 14, what is 1b8623 + -17d?
1b8484
In base 12, what is -71292057 - -5?
-71292052
In base 8, what is 20761 + 2073?
23054
In base 5, what is 1 + 210232234442?
210232234443
In base 5, what is 2404144 - -200424?
3110123
In base 6, what is -10514233 + 40?
-10514153
In base 15, what is b7 - -367e?
3746
In base 10, what is 811 + 10780?
11591
In base 8, what is 4246003 - -15?
4246020
In base 11, what is -230a9336 + -4?
-230a933a
In base 7, what is 34666040532 - -4?
34666040536
In base 4, what is 2011000201 - 20301?
2010313300
In base 10, what is 136767 + 1448?
138215
In base 16, what is -eed7375 + 5?
-eed7370
In base 11, what is -11016a2 + 8?
-1101695
In base 6, what is -2214 - 30454?
-33112
In base 14, what is 9507 + -85d7?
d10
In base 9, what is -17222310 + 3?
-17222306
In base 12, what is -1 + -75ab7a?
-75ab7b
In base 3, what is 11101000121202210 + 2?
11101000121202212
In base 3, what is -200 - 21000010100001?
-21000010100201
In base 5, what is -1200314 - 44102?
-1244421
In base 9, what is 4 + -410021125?
-410021121
In base 14, what is 1808d - 78?
18015
In base 5, what is -301 - -1101100034?
1101044233
In base 11, what is 1 - 33aa0332?
-33aa0331
In base 11, what is -61a05 + 88?
-61928
In base 9, what is -32413 + -2133?
-34546
In base 6, what is -1045201001 - 31?
-1045201032
In base 13, what is 1042b8 - -6?
1042c1
In base 12, what is -81b9 + 379?
-7a40
In base 4, what is -222 + -102200211?
-102201033
In base 15, what is 38 - -4a90?
4ac8
In base 13, what is 3443 - -1581?
49c4
In base 3, what is 121000012110111111 + -12?
121000012110111022
In base 7, what is 16152126 - -22?
16152151
In base 3, what is 10 - -21002102201010?
21002102201020
In base 4, what is -2 - -3100031233013?
3100031233011
In base 2, what is -101000 + 101100001000111000100111?
101100001000110111111111
In base 11, what is -80 + 25587?
25507
In base 16, what is -7c615 - -71?
-7c5a4
In base 15, what is 8d9 - 3c7?
512
In base 7, what is 253 - 61526?
-61243
In base 14, what is 33809 - -d3?
338dc
In base 2, what is 11111100001111111110101 - 11010?
11111100001111111011011
In base 13, what is 2bc5 - -18572?
1b467
In base 16, what is 4 - -8b17fe?
8b1802
In base 10, what is 28380388 + 5?
28380393
In base 2, what is -1010001110100 + 10011101?
-1001111010111
In base 14, what is 93db3 - -58d?
94562
In base 8, what is 5 - -213662132?
213662137
In base 3, what is 11 - -221112111002210?
221112111002221
In base 10, what is 16841890 + 5?
16841895
In base 15, what is 27cc + 336a?
5b47
In base 9, what is 1 - 41803008?
-41803007
In base 3, what 